.
2
Let d = -7219 + 7245. Let w(v) = 2*v + 1. What is the remainder when d is divided by w(3)?
5
Suppose -28*w + 2820 = -25*w. Suppose w*g = 942*g - 412. Calculate the remainder when g is divided by 16.
14
Let h be 5/(5/28) - 3/1. Let x(n) = n**3 - 23*n**2 - 43*n - 15. Let t be x(h). Let i = t + -148. Calculate the remainder when 56 is divided by i.
8
Let u(d) = -18*d**3 + 4*d**2 - 2*d - 2. Let c be u(3). What is the remainder when 88 is divided by c/(-19) - 28/266?
16
Suppose -5*j + 3*h = -401, -3*h = -142*j + 146*j - 310. Calculate the remainder when j is divided by 58.
21
Suppose -b - 3*b = 4*l - 104, -5*l = 4*b - 101. Let w(g) = g**2 - 25*g - 52. What is the remainder when w(b) is divided by 11?
9
Suppose -210*z = -603103 - 337487. Calculate the remainder when z is divided by 128.
127
Let u(b) = -6*b**2 - 91*b - 128. Suppose t = -3*t + 8, -34 = -c - 5*t. What is the remainder when u(-13) is divided by c?
17
Suppose 0 = -34*h + 42 + 264. Calculate the remainder when (-1)/(((-4)/2)/52) is divided by h.
8
Let n(d) = d**2 - 45*d - 940. Calculate the remainder when 1324 is divided by n(61).
28
Suppose 3*s + 516 = 1491. What is the remainder when s is divided by 47?
43
Suppose 316 - 36 = 35*d. Calculate the remainder when 2158 is divided by d.
6
Let n = 12327 - 12290. Let s = 8 - 8. What is the remainder when n is divided by (4 - 6) + s + 10?
5
Let s(b) = -b**3 - b**2 - 2*b + 5. Let f be s(-3). Let q = f + -18. Calculate the remainder when 32 is divided by q.
10
Let n = 2519 + -2454. What is the remainder when n is divided by 22?
21
Let w be ((-7)/7)/((-3)/27). Suppose -w*s = 6*s - 2670. Calculate the remainder when s is divided by 48.
34
Let z(y) = y + 6. Suppose -6*h = -8*h - 4. What is the remainder when z(2) is divided by h + -3 + (0 - -3) - -3?
0
Suppose 11*c + 12 = 56. Let g be 26*c*11/22. Let y = g + -35. Calculate the remainder when 168 is divided by y.
15
Let s be (-5)/(-9)*-411 + 6/(-9). Let m = 234 + s. Suppose -5*p + 2*v - v = -150, 0 = 5*p - 5*v - 170. What is the remainder when p is divided by m?
4
Let f(n) = 71*n + 155. Let u be f(-9). Let q = -479 - u. What is the remainder when q is divided by 26/8 - 1/4?
2
Let u(q) = q**3 + 4*q**2 + 15*q + 42. Suppose -3*v - 3*f - 21 = 0, -3*f + 5*f + 11 = -v. What is the remainder when 114 is divided by u(v)?
0
Let p = 360 + -239. Calculate the remainder when p is divided by (((-2)/(-8))/((-9)/(-12)))/(5/405).
13
Suppose 4 = c + 5*n - 11, -3*n = 4*c - 60. What is the remainder when (-222)/5*(-70)/21 is divided by c?
13
Let i(b) = -7*b**3 + 213*b**2 - 83*b - 138. Let q = 1 - -7. Calculate the remainder when i(30) is divided by q.
0
Let t(l) = 3*l**3 + 24*l**2 + 31*l - 20. What is the remainder when 186 is divided by t(-6)?
6
Let v(g) = 2*g**3 + 41*g**2 - 4*g + 42. Calculate the remainder when v(-19) is divided by 57.
4
Let m(y) = 2*y**2 - 62*y + 634. Calculate the remainder when m(12) is divided by 63.
52
Let k(t) = 4*t**3 + 94*t**2 - 56*t + 31. Suppose 0 = -3*s - 0*s + 42. What is the remainder when k(-24) is divided by s?
13
Let u = 68 + -70. What is the remainder when u/(2/5) + 41 + -4 is divided by 17?
15
Let a(x) be the first derivative of 7*x**3/3 + 5*x**2/2 + 2*x + 209. Suppose 2*q - 48 = -10. What is the remainder when q is divided by a(-1)?
3
Suppose 2*d - 97*z = -99*z + 36, d = -2*z + 24. What is the remainder when 358 is divided by d?
10
Let k = -276 + 278. Suppose -k*v + 60 = -4*x, -8*v + 4*x = -9*v. Calculate the remainder when (-79)/(2 - (1 + 2)) is divided by v.
19
Suppose 22551 = -16*a + 22871. Suppose -p - 121 = -y, 4 = -2*y - p + 234. Calculate the remainder when y is divided by a.
17
Let d(o) = 18*o**2 - 535*o - 1577. What is the remainder when 700 is divided by d(-3)?
130
Let z(g) = -6*g**3 + 3*g**2 + 4*g + 4. Let t(n) = 17*n - 78. Calculate the remainder when t(11) is divided by z(-2).
53
Suppose -258*k + 28 = w - 260*k, 50 = 2*w - 5*k. What is the remainder when w is divided by 2/8*-10*-2?
0
Let n(m) = 5*m**2 + 9*m + 1. Let t be n(-2). Calculate the remainder when 630/24*(t - -1) is divided by 27.
24
Suppose 2*h + y = 5 - 3, -4*h - 4*y = 4. Calculate the remainder when 370 is divided by (4 - h)/(3/159).
52
Suppose 46*a + 48 = 38*a. What is the remainder when 108 is divided by (736/(-96))/(1*2/a)?
16
Let p(z) = z**2 - 2*z - 9. Suppose -5*t + 3*j + 111 = 0, 0*t - j = -2*t + 44. Let b = t - 12. What is the remainder when p(b) is divided by 14?
12
Let w be 2/4 - (2 - (-879)/(-2)). Suppose -4*q - 214 = -2*p - 0*p, 4*p - w = -2*q. Suppose -191 + 175 = -y. Calculate the remainder when p is divided by y.
13
Let u = 548 + -374. Suppose 508*k + 1496 = 576*k. Calculate the remainder when u is divided by k.
20
Suppose -1225 = -3*u + 332*o - 327*o, u = -o + 387. What is the remainder when u is divided by 35?
10
Let r = -1968 - -2037. Let t(h) = 2*h**3 - 2*h**2 - 2*h + 2. Calculate the remainder when r is divided by t(2).
3
Let k = -15426 - -15672. What is the remainder when k is divided by 137?
109
Let f(v) = -9*v + 121. Suppose 42*h - 191 - 271 = 0. What is the remainder when f(h) is divided by 5?
2
Suppose 69*b - 15195 = 8003 + 1435. Calculate the remainder when 1112 is divided by b.
41
What is the remainder when 733 + 23 + -8 + -27 is divided by 89?
9
Suppose -4*a + 34 = -2*c, -a + 2*c + 20 = 4. Let p(d) = d**3 - 5*d**2 - 8*d + 24. What is the remainder when 48 is divided by p(a)?
0
Let n = -3920 - -3971. Calculate the remainder when n is divided by 28.
23
What is the remainder when (-10)/35*(6 - 1224) is divided by 120?
108
Suppose -1500 = -4*x - 3*b + 1536 + 160, 4*b = 0. What is the remainder when x is divided by 15?
4
Let l(x) = 12*x**2 - 4*x + 4. Let s = -15 - -16. Let g be l(s). Let h(r) = -r + 15. Calculate the remainder when 23 is divided by h(g).
2
Suppose -t + 20 = 2*r, 16 + 4 = t - 5*r. Calculate the remainder when 719 is divided by t.
19
Let p(c) = 5*c**2 - 31*c + 256. Calculate the remainder when p(0) is divided by 43.
41
Suppose -1105*o + 405 = -1090*o. What is the remainder when 6046 is divided by o?
25
Let u be (8856/(-48))/((-6)/40). Suppose 0 = 5*i + 3*h - 1260, -5*i - h + 4*h = -u. Calculate the remainder when i is divided by 84.
81
Let a(u) = -u**3 - 2*u**2 + 5*u + 4. Let n be a(-6). Suppose 0*y + 2*y = n. Let j = 1282 - 1272. Calculate the remainder when y is divided by j.
9
Calculate the remainder when (-8)/(-28) + (-1914)/(-14) + -8 is divided by 76.
53
Let p = 44857 + -44840. Let i = 61 + -27. Calculate the remainder when i is divided by p.
0
Let u = -346 + 196. Let p be (u/12 - -5)*(-2)/1. Suppose 7 = 2*l - p. What is the remainder when 53 is divided by l?
9
Suppose 0 = -7*u + 2*u + 670. Let p = 151 - u. What is the remainder when 66 is divided by p?
15
Suppose 15*r = -51*r + 24*r + 312312. What is the remainder when r is divided by 43?
40
Let q(g) = -g + 4. Suppose -5*t + 2*d = -d + 50, -3*d = -15. Let x = -2555 - -2597. What is the remainder when x is divided by q(t)?
9
Suppose 40*x + 37*x - 1765 - 2393 = 0. Let n = 9 + -5. Suppose 0 = -v + 5*l + 31, n*v - 10 = -l + 30. Calculate the remainder when x is divided by v.
10
Let b = 40 - 37. Suppose -5*d + 4*y - 11 = 0, -b*y - y + 20 = 4*d. Suppose 25 = 5*f, -5*f - d + 254 = 3*a. Calculate the remainder when a is divided by 13.
11
Let b = -538 - -543. Suppose -150 = -r - 2*i + 5*i, b = i. Calculate the remainder when r is divided by 14.
11
Let o = 18185 - 17231. Calculate the remainder when o is divided by 11.
8
Suppose 12 = -12*p + 6*p. What is the remainder when 73 is divided by -7 + 40 + 6 + p?
36
Let k = -22 + 109. Let z = -57 + k. Suppose s = -3*u - 8 + z, u - 4*s - 3 = 0. What is the remainder when 19 is divided by u?
5
Suppose -4*r + 3*k = -515, 2*r - 2*k + 13 = 271. Calculate the remainder when 238 is divided by r.
110
Let h(d) = -d**3 - 8*d**2 + 87*d + 1. Suppose -7*r - 10 + 668 = 0. Calculate the remainder when r is divided by h(6).
18
Suppose 0*o - 6 = 3*o. What is the remainder when ((-567)/(-2))/7 - (-602)/(-172) is divided by ((-57)/6)/(o/4)?
18
Suppose o = 2*v - 0*v + 155, -3*o + 456 = -3*v. Let p = 583425 - 583371. What is the remainder when o is divided by p?
41
Suppose -852 = -37*l + 1109. Calculate the remainder when l is divided by (23/(-4))/((-4)/16).
7
Suppose 10*r = 14*r - 1224. Calc